{"id":7162,"date":"2020-02-11T10:57:31","date_gmt":"2020-02-11T10:57:31","guid":{"rendered":"https:\/\/www.tcpromociones.es\/?page_id=7162"},"modified":"2020-02-11T11:16:30","modified_gmt":"2020-02-11T11:16:30","slug":"aviso-legal","status":"publish","type":"page","link":"https:\/\/www.tcpromociones.es\/eljilguero\/aviso-legal\/","title":{"rendered":"Aviso legal"},"content":{"rendered":"<div class=\"wpb-content-wrapper\"><p>[vc_row][vc_column][vc_column_text css=\u00bb.vc_custom_1581419785536{margin-top: 50px !important;margin-bottom: 50px !important;}\u00bb]<\/p>\n<h2>Aviso legal<\/h2>\n<p>[\/vc_column_text][vc_column_text]Esta p\u00e1gina Web es propiedad de <strong>Torrecerredo promociones S.L.<\/strong>, con domicilio <strong>Pozuelo de Alarc\u00f3n<\/strong>, con CIF <strong>B-82812470<\/strong>.<\/p>\n<p>Para cualquier consulta, nos puede contactar por e-mail: <strong><a href=\"mailto:info@tcpromociones.es\">info@tcpromociones.es<\/a><\/strong>,<br \/>\no en el tel\u00e9fono <strong>+34 91 352 54 38<\/strong>.<\/p>\n<p>&nbsp;<\/p>\n<h4>Datos contacto web<\/h4>\n<p>Torrecerredo promociones S.L.<br \/>\nCIF: B-82812470<br \/>\nDOMICILIO SOCIAL:<br \/>\nCalle Luis B\u00e9jar 16 Local<br \/>\n28223 Pozuelo de Alarc\u00f3n<br \/>\nEmail: info@tcpromociones.es<br \/>\nTel\u00e9fono: +34 91 352 54 38<br \/>\nDatos del DPO: Javier Rasines D\u00edaz-Mun\u00edo<br \/>\ninfo@tcpromociones.es<\/p>\n<p>&nbsp;<\/p>\n<h4>Responsabilidades<\/h4>\n<p>La empresa no asume ninguna responsabilidad derivada del uso incorrecto de la informaci\u00f3n facilitada a trav\u00e9s de sus p\u00e1ginas de Internet. Asimismo, y con los l\u00edmites legales, no asume ninguna responsabilidad por la falta de exactitud, integridad o actualizaci\u00f3n de los datos o informaciones que se publican en los sitios web de los que es titular. La empresa podr\u00e1 efectuar, en cualquier momento y sin necesidad de previo aviso, modificaciones y actualizaciones sobre la informaci\u00f3n contenida en este sitio web o en su configuraci\u00f3n o presentaci\u00f3n. La empresa no asume ninguna responsabilidad derivada de la conexi\u00f3n o contenidos de los enlaces de terceros a los que se hace referencia en este sitio web.<\/p>\n<p>&nbsp;<\/p>\n<h4>Propiedad intelectual<\/h4>\n<p>La informaci\u00f3n suministrada a trav\u00e9s de esta p\u00e1gina web se encuentra protegida por la legislaci\u00f3n sobre propiedad intelectual. Los derechos de propiedad intelectual del contenido de esta p\u00e1gina web pertenecen a la empresa propietaria del sitio, a no ser que se indique una titularidad diferente. La reproducci\u00f3n, distribuci\u00f3n, comercializaci\u00f3n o venta no autorizadas de estas obras, a no ser que sea para uso personal y privado, constituye una infracci\u00f3n de los derechos de propiedad intelectual. La utilizaci\u00f3n no autorizada de la informaci\u00f3n contenida en esta p\u00e1gina web, as\u00ed como los perjuicios ocasionados en los derechos de propiedad intelectual e industrial de sus titulares, pueden dar lugar al ejercicio de las acciones que legalmente correspondan y, si procede, a las responsabilidades que de dicho ejercicio se deriven.[\/vc_column_text][\/vc_column][\/vc_row]<\/p>\n<\/div>","protected":false},"excerpt":{"rendered":"<p>[vc_row][vc_column][vc_column_text css=\u00bb.vc_custom_1581419785536{margin-top: 50px !important;margin-bottom: 50px !important;}\u00bb] Aviso legal [\/vc_column_text][vc_column_text]Esta p\u00e1gina Web es propiedad de Torrecerredo promociones S.L., con domicilio Pozuelo de Alarc\u00f3n, con CIF B-82812470. Para cualquier consulta, nos puede contactar por e-mail: info@tcpromociones.es, o en el tel\u00e9fono +34 91 352 54 38. &nbsp; Datos contacto web Torrecerredo promociones S.L. CIF: B-82812470 DOMICILIO SOCIAL: Calle&hellip;<\/p>\n","protected":false},"author":1,"featured_media":0,"parent":0,"menu_order":0,"comment_status":"closed","ping_status":"closed","template":"","meta":{"inline_featured_image":false,"footnotes":""},"class_list":["post-7162","page","type-page","status-publish","hentry"],"_links":{"self":[{"href":"https:\/\/www.tcpromociones.es\/eljilguero\/wp-json\/wp\/v2\/pages\/7162"}],"collection":[{"href":"https:\/\/www.tcpromociones.es\/eljilguero\/wp-json\/wp\/v2\/pages"}],"about":[{"href":"https:\/\/www.tcpromociones.es\/eljilguero\/wp-json\/wp\/v2\/types\/page"}],"author":[{"embeddable":true,"href":"https:\/\/www.tcpromociones.es\/eljilguero\/wp-json\/wp\/v2\/users\/1"}],"replies":[{"embeddable":true,"href":"https:\/\/www.tcpromociones.es\/eljilguero\/wp-json\/wp\/v2\/comments?post=7162"}],"version-history":[{"count":2,"href":"https:\/\/www.tcpromociones.es\/eljilguero\/wp-json\/wp\/v2\/pages\/7162\/revisions"}],"predecessor-version":[{"id":7176,"href":"https:\/\/www.tcpromociones.es\/eljilguero\/wp-json\/wp\/v2\/pages\/7162\/revisions\/7176"}],"wp:attachment":[{"href":"https:\/\/www.tcpromociones.es\/eljilguero\/wp-json\/wp\/v2\/media?parent=7162"}],"curies":[{"name":"wp","href":"https:\/\/api.w.org\/{rel}","templated":true}]}}